 - m**2 + 25. Suppose -2*h - 2 = 2*o - 6*o, -3*h = o - 11. Determine c(o).
1
Let f(d) = -9*d**3 + 3*d**2 - 4*d + 4. Let k be f(2). Let j = k - -57. Let a(w) = -w**3 - 6*w**2 + 7*w + 5. Calculate a(j).
5
Let j(u) = -4*u + 29. Let b be j(9). Let s(d) = 4*d**3 + 5*d**2 + 10*d + 7. Let a(v) = -v**3 + v**2 + 1. Let c(x) = 3*a(x) + s(x). Determine c(b).
-11
Let f(j) = -7*j - 15*j + 9 + 23*j. Calculate f(-4).
5
Suppose -z = 5*h - 8 + 3, -5*z + 2*h - 29 = 0. Let f be 18/8 - (-2)/(-8). Let w(j) = -j**f + 0*j + 1 - 5*j + 0. Determine w(z).
1
Suppose 0 = -5*x + h - 39, -2*h - 33 = 3*x - 5*h. Let v(g) = g**2 + 8*g + 6. Determine v(x).
-1
Let p(y) = y**2 - 9*y + 6. Let s = 64 - 55. Let j be s - 6*(-3)/(-6). Calculate p(j).
-12
Let i(d) = -d**2 + d + 1. Let z be 4/(-22) + (-25430)/(-110). Let h be z/(-105) - (-2)/10. Determine i(h).
-5
Let h be 5/((165/(-18))/(-11)). Let m(y) = -y**3 + 4*y**2 + 4*y + 7. What is m(h)?
-41
Let f(t) = -5*t**3 + t**2 - 2*t + 1. Let a = 42 - 38. Let n(k) = -k**3 - 4*k**2 - 2*k + 7. Let g be n(-3). Suppose 8*m - g = a*m. Give f(m).
-5
Let k(m) = 2*m**3 + 2*m**2 + 2*m + 3. Let j(f) = -23*f - 4. Let c be j(1). Let a = -29 - c. Give k(a).
-9
Let m(y) = 2*y + 2. Let s = -9 + 57. Let t = -46 + s. What is m(t)?
6
Let d(f) = -f**3 - 4*f**2 + 6*f - 12. Let x(p) = -3*p**3 - 12*p**2 + 17*p - 34. Let y(u) = -17*d(u) + 6*x(u). Determine y(-4).
0
Suppose 0*k = k + 10. Let i(u) = -u**2 - 10*u + 1. Determine i(k).
1
Let v(x) = 5*x - 1 + 2 - 3*x. Suppose 0 = -4*w + 42*n - 38*n - 16, 0 = 2*w + 2*n - 28. Calculate v(w).
11
Let x(b) be the third derivative of b**4/24 - b**3 + b**2 + 12. Let n(a) = 12*a. Let r be n(1). Suppose 0 = 5*f - 8 - r. Determine x(f).
-2
Let r be (-290)/(-87) + 2/(-6). Let y(s) = -2 - 85*s**2 + 45*s**2 + 38*s**2 - 3*s - s**r. Give y(-2).
4
Let f(t) = t**2 - 6*t + 8. Suppose -5*a = 4*s - 17, -3*a + 14 = a + 3*s. Let b be f(a). Let m(d) = d**3 - d**2 - 2*d. Calculate m(b).
12
Let w(m) be the second derivative of m**6/120 - 7*m**5/60 + 5*m**4/24 - m**3/6 + 7*m**2 - 3*m. Let j(d) be the first derivative of w(d). What is j(6)?
-7
Let i(c) = -10*c**2 + 13*c - 7. Let q(y) = -7*y**2 + 9*y - 5. Let k(t) = 5*i(t) - 7*q(t). Suppose 0 = 4*m + 4 - 24. Determine k(m).
-15
Let x = -91 - -105. Let o(k) = k**2 - x*k - 11*k - 6 + 24*k. What is o(0)?
-6
Suppose -4*f = 3*w - 5*f + 3, -3*f = -9. Let q(c) = 3*c + 4. Calculate q(w).
4
Let m(c) = 11*c + 95. Suppose -2*h - 4*v = 38, 3*h + 17 = 5*v - 3*v. Give m(h).
-4
Let b(v) = -v + 8. Let a(d) = 3. Let r(j) = 9*a(j) - 2*b(j). Determine r(-8).
-5
Let v(g) = g**2 + 15*g + 8. Suppose 3*i = -5*h + h - 60, -2*h - 30 = -2*i. Calculate v(h).
8
Let z be ((-28)/8)/(3/30*5). Let s(v) = 4*v + 8. Calculate s(z).
-20
Let p(k) = -k**3 + k**2 + 2. Let z(w) = w**3 - w**2 + 3. Let n be z(0). What is p(n)?
-16
Let o = -156 + 265. Let b(z) = -55*z**2 + o*z**2 + z - 68*z**2. Give b(1).
-13
Let p(f) = -7*f**2 - 13*f + 20. Let r(v) = -12*v**2 - 25*v + 38. Let j(a) = 7*p(a) - 4*r(a). Calculate j(5).
8
Let f(l) = -2*l - l + l + 4*l - 4*l + 25. Calculate f(15).
-5
Let a(n) = 8*n**3 - n. Let t = -106 + 70. Let r = t - -35. Give a(r).
-7
Let f(l) = -3*l - 6. Let q(x) = 5*x**2 - 6*x + 2. Let i(r) = -6*r**2 + 7*r - 2. Let g(s) = -3*i(s) - 4*q(s). Let k be g(2). Determine f(k).
6
Let n be ((-3211)/(-19))/13 - (-12)/(-2). Let v(d) = -5 - d - 2 + 2. Calculate v(n).
-12
Let k = -114 + 115. Let m(r) = -k + 2*r - 8*r + 1. What is m(1)?
-6
Let k(q) = -369 - 2*q**2 + 742 - 3*q - 373 + 0*q**2. Determine k(3).
-27
Let p(q) be the first derivative of q**5/20 - 5*q**4/12 - 2*q**3/3 - 5*q**2/2 - 21*q + 31. Let u(m) be the first derivative of p(m). What is u(6)?
7
Let h be 6/(-4)*-4 - 0. Let m(b) = 1 - h*b + 2*b**2 - 2 - 5*b**2 + 7*b. Let n = -4 - -6. Give m(n).
-11
Let k(n) = 5*n**2 - 7*n - 20. Let x(u) = 14*u**2 - 22*u - 54. Let f(w) = -11*k(w) + 4*x(w). Calculate f(13).
30
Let i(r) = 4 + 0*r + 4*r + 3. Let u = -764 - -761. Give i(u).
-5
Suppose -5*s + 10 = -5. Suppose -l + s*l = -12. Let w(m) = 7*m - 5*m**2 - m**3 - 4 + 0*m**2 + m**3 - m**3. Give w(l).
-10
Let d(k) = 6*k**2 + 22*k**2 - 29*k**2 + 13*k - 6. What is d(12)?
6
Let s(m) = m**3 + 6*m**2 + m + 4. Let t be 3/6 + (-117)/18. Give s(t).
-2
Let s(d) = d**2 - 14*d - 13. Let k be s(15). Let z(x) = x + x**k + 7 - 2 - 33 + 12. Calculate z(0).
-16
Let d(k) = -k**2 - 2*k - 1. Let n(s) = s**3 + 4*s**2 + 4*s + 2. Let b(o) = -d(o) + n(o). Calculate b(-4).
-5
Let g(b) = 2*b. Suppose -3*d = -6*d, -4*j = -2*d + 28. Calculate g(j).
-14
Let p be (-21)/(-9) - (-5)/(45/6). Let q(u) = 2*u**2 - 3*u + 8. Let t(l) = 3*l**2 - 4*l + 9. Let y(r) = 5*q(r) - 4*t(r). Calculate y(p).
-11
Let q(j) = -j. Let p(l) = l + 2. Let n be p(-7). Let a(b) = -b**2 - 11*b + 3. Let m(c) = n*q(c) + a(c). Determine m(-6).
3
Suppose o - 5*k + 0*k + 10 = 0, 2*k + 14 = 4*o. Suppose -49 = o*t + 2*t. Let z(m) = m**2 + 7*m + 1. Determine z(t).
1
Let n(s) = 17*s + 24. Let x(a) = 9*a + 13. Let d(r) = -6*n(r) + 11*x(r). Determine d(-6).
17
Let q be (-58)/(-5) - (-2)/5. Let g be (q/(-10))/(1/(-5)). Let u(k) = 3*k - 5*k + 2307 + 2309 + 4*k - 4619. Determine u(g).
9
Let t = 2186 - 2193. Let p(n) = n**3 + 7*n**2 + 2*n + 5. What is p(t)?
-9
Let x(c) = -c**2 + 3*c + 2. Suppose 2*f + 2*t = 8, 4*f - 3*t + 0*t = 16. Let l = 206 + -192. Let v be l/f - (-4)/(-8). Give x(v).
2
Let d = -824 + 819. Let v(q) = -18*q - 5 + q**3 + 11*q + 2*q + 4*q**2. Determine v(d).
-5
Let l(f) = 2*f**3 + 10*f**2 + 2*f + 7. Let k(t) = 5*t**3 + 21*t**2 + 4*t + 13. Let o(n) = 3*k(n) - 7*l(n). Let q be (0 + -2)*(-42)/12. Determine o(q).
-24
Let c(a) = 3*a + 8. Suppose 3*m + 4*q + 40 = 0, -12 = 2*m - 17*q + 16*q. Give c(m).
-16
Suppose -4 = -2*u - 2*i - 0*i, -3*i + 10 = 5*u. Let v(t) = -2*t - 4*t**2 + 1 + 5*t**u + 0*t**2 - 4*t. Determine v(3).
-8
Let r(g) = 17*g**2 + 107*g - 309. Let q(o) = 3*o**2 + 21*o - 62. Let v(h) = -11*q(h) + 2*r(h). What is v(10)?
-6
Let j(y) be the second derivative of -y**4/12 + 5*y**3/6 - y**2 - 4*y - 14. Let a be 8/12 + 20/6. What is j(a)?
2
Suppose 5*d - 3 = -23, -3*d = -4*a + 16. Let y be -1 + a + 4 + 6/(-2). Let s(r) = 11*r**3 + r**2 + r - 1. Give s(y).
12
Let r(c) = -c + 24. Let l be r(26). Let h(v) = -2*v + 1. What is h(l)?
5
Let y = -277/4 + 279/4. Let i(a) be the first derivative of 3/4*a**4 - 1 - a + y*a**2 + 0*a**3. Calculate i(1).
3
Let s(x) = 7 + 11*x + 19*x**2 - x**3 - 47*x**2 + 7*x**2 + 13*x**2. What is s(-9)?
-11
Let a(r) be the second derivative of -r**4/6 - r**3/3 + r**2/2 - 42*r. Determine a(0).
1
Let z(k) = k**2 + 3*k - 2. Let t(x) = -x**2 - 9*x - 2. Suppose -4*g - 12 - 20 = 0. Let d be t(g). Suppose -d*c = -3*c + 15. Give z(c).
8
Let d be (-3)/1 - 0/3. Let q(c) be the first derivative of 2*c - 1/4*c**4 - c**3 + c**2 - 10. What is q(d)?
-4
Let c(z) = -z + 16. Let l be c(10). Suppose l*r + 24 = 3*a + 3*r, -a + 5 = 2*r. Let i(d) = -d**2 + 8*d - 9. Give i(a).
-2
Let r(m) = 3*m - 12. Let g(p) = 2*p - 11. Let f(x) = -7*g(x) + 6*r(x). Give f(7).
33
Suppose 5*k = 2*u - 9, 5*u + 3 = 8*k - 4*k. Let n = 5 + k. Suppose -5*d + n*p - 13 = 12, -2*p = 4*d + 38. Let z(f) = -f**2 - 7*f - 4. What is z(d)?
-4
Let y(h) = h + 1. Let i(c) = -c + 26. Let l be i(26). Give y(l).
1
Let n(w) = w**2 + 11*w - 24. Let m be (-2)/(-11) + (-1305)/396*4. Calculate n(m).
2
Let w = -31 - -31. Let l(k) = -2*k**2 + 0*k**2 + 5*k + 3 + w*k. What is l(4)?
-9
Let m(s) = s**2 - 8*s + 8. Let d = 4 + -7. Let r be (-18)/27 - 20/d. What is m(r)?
-4
Suppose -11 = -2*i - 9. Suppose -3*t + i = -11. Suppose -t*r = r - 25. Let x(p) = p**3 - 5*p**2 + 5. Calculate x(r).
5
Let j(d) = -d**2 - 3*d - 1. Let t = 6 - 2. Let l(i) = -3*i**2 - i - 3*i**2 + t*i + 6 + i**3. Let b be l(5). Determine j(b).
-5
Let u = -58 + 68. Let m(f) = -f - 8. What is m(u)?
-18
Let i(u) = -u**3 - 6*u**2 + 7*u - 4. Let c(m) = m**3 + 5*m**2 - 6*m + 3. Let o be (-4 - (0 + (-13)/3))*12. Let w(k) = o*i(k) + 5*c(k). What is w(-1)?
1
Let b(j) be the second derivative of -1/6*j**3 - 5/2*j**2 + 0 + 7*j - 1/12*j**4. Give b(0).
-5
Let n(j) be the second derivative of -3 + 11*j - 1/3*j**3 - 13/2*j**2. Determine n(-10).
7
Suppose 21*t - 11 + 95 = 0. Let w(c) = -c**2 - 6*c + 9. Determine w(t).
17
Suppose 2*q - 3*j - 11 = 5, 4*q - 4*j - 32 = 0. Let b(g) = -7*g - 3*g + 4 + q*g. What is b(4)?
-4
Let c(t) = 3*t**3 + 5